k(9).
3
Let x(k) = 83*k - 16. What is x(3)?
233
Let x(f) = 7*f**2 + 162*f + 3. Give x(-23).
-20
Let h(t) = -t**3 + 7*t**2 - t + 8. Determine h(7).
1
Let f(y) = -5*y + 105. Give f(13).
40
Let z(n) = -n + 4. Give z(-3).
7
Let y(r) = 7*r + 9. What is y(12)?
93
Let f(a) = -51*a + 4. Calculate f(-1).
55
Let g(k) = 4*k - 2. Calculate g(5).
18
Let f(y) = y**2 - 6*y - 12. Determine f(5).
-17
Let v(q) = q - 17. What is v(-29)?
-46
Let t(w) = -2*w**3 + 3*w**2 + 13*w - 18. Determine t(3).
-6
Let v(d) = -d**2 - 3*d + 4. What is v(-5)?
-6
Let v(c) = -2*c - 11. What is v(-9)?
7
Let u(y) = y**2 - 12*y + 16. What is u(11)?
5
Let d(h) = -h**3 + 6*h**2 + 4*h + 6. Calculate d(8).
-90
Let p(d) = 34*d**2 - 1. What is p(-1)?
33
Let r(w) = w**3 + 12*w**2 - 10*w - 116. What is r(-12)?
4
Let y(c) = 2*c**3 + 11*c**2 + 3*c - 8. Calculate y(-4).
28
Let m(j) = -j**3 + 3*j**2 + 3*j + 6. Calculate m(5).
-29
Let k(p) = 4*p + 2. Determine k(3).
14
Let i(a) = 4*a**2 - 3*a + 2. Give i(0).
2
Let x(s) = -s**2 + 6*s + 8. What is x(6)?
8
Let q(j) = 26*j**3 + 4*j**2 - j - 3. What is q(1)?
26
Let z(i) = -i**3 + 5*i**2 + 3*i + 3. What is z(5)?
18
Let b(i) = -12*i**3 + 2*i**2 - i. Calculate b(1).
-11
Let d(h) = 4*h + 8. Give d(-5).
-12
Let b(k) = -k + 1. Give b(-6).
7
Let b(i) = i**3 + 28*i**2 + 29*i + 54. What is b(-27)?
0
Let z(y) = -y - 11. Determine z(8).
-19
Let c(i) = -i**3 - 11*i**2 - 11*i - 26. Determine c(-10).
-16
Let o(m) = m**2 + 13*m + 13. Determine o(-11).
-9
Let t(r) = r**2 + 10*r - 5. Calculate t(-11).
6
Let w(o) = -o - 18. Calculate w(-10).
-8
Let t(w) = w**2 + 3*w + 7. Calculate t(-5).
17
Let b(x) = 2*x**2 - 4*x - 2. Give b(4).
14
Let u(f) = -f**3 + 19*f**2 - 18*f - 15. Give u(18).
-15
Let u(b) = -11*b**3 - 1. Determine u(1).
-12
Let b(a) = a - 22. Determine b(17).
-5
Let p(j) = -45*j**3 + j**2. What is p(1)?
-44
Let u(h) = -h**3 + 4*h**2 + 2*h - 20. What is u(3)?
-5
Let f(i) = 67*i - 591. Calculate f(9).
12
Let w(r) = -2*r**2 - 45*r - 3. What is w(-21)?
60
Let d(p) = -p**2 + 4. Calculate d(4).
-12
Let d(j) = -77*j + 313. Give d(4).
5
Let o(m) = m**2 - m + 2. Determine o(3).
8
Let d(o) = -2*o + 4. Give d(-3).
10
Let u(b) = b**3 + 2*b**2 - 4*b - 11. Determine u(0).
-11
Let m(o) = -4*o**3 - 9*o**2 - 4*o + 7. Determine m(-3).
46
Let y(d) = 15*d + 238. Calculate y(-16).
-2
Let y(j) = -6*j**3 + 3*j**2 + 2*j. What is y(-1)?
7
Let a(l) = -l**2 + 7*l + 6. Give a(-5).
-54
Let a(n) = -n**2 + 20*n - 14. What is a(19)?
5
Let a(z) = 33*z - 3. What is a(2)?
63
Let d(w) = -w**3 - 3*w**2 + 8*w + 5. Calculate d(-5).
15
Let u(o) = -o**3 + 14*o**2 - 15*o + 20. Give u(13).
-6
Let o(h) = -20*h + 14. What is o(6)?
-106
Let p(l) = 118*l**3 - l**2 - 2*l - 1. Determine p(-1).
-118
Let g(l) = 10*l**3 + l**2 - 4*l - 1. Give g(-2).
-69
Let c(l) = 2*l - 5. Determine c(13).
21
Let d(o) = o**3 - 23*o**2 + 46*o - 66. Calculate d(21).
18
Let u(y) = y**3 + 9*y**2 - 4*y - 13. Calculate u(-9).
23
Let a(m) = m**2 - m - 4. Give a(4).
8
Let b(i) = -8*i - 37. Determine b(-5).
3
Let b(r) = r**3 + 10*r**2 + 8*r - 6. Give b(-9).
3
Let n(m) = -32*m - 264. Determine n(-8).
-8
Let a(m) = -m + 14. What is a(13)?
1
Let k(a) = a**3 + 5*a**2 - a - 6. What is k(-5)?
-1
Let w(h) = -h**3 + 4*h**2 + 2*h + 3. Calculate w(5).
-12
Let l(x) = 4*x + 2. Calculate l(7).
30
Let h(d) = -d**3 - 5*d**2 + 4*d - 7. Give h(-6).
5
Let s(g) = g**2 + 8*g + 6. Determine s(-6).
-6
Let x(l) = l**3 + 3*l**2 + 6*l - 2. Give x(-3).
-20
Let m(l) = 8*l + 80. Determine m(-8).
16
Let t(d) = -11*d**3 - 5*d**2 + 4*d + 12. Give t(-2).
72
Let a(k) = k**2 + 16*k + 1. Calculate a(-16).
1
Let x(b) = -b**2 - 16*b + 11. Give x(-17).
-6
Let i(t) = t**3 - 7*t**2 + 9*t - 7. What is i(6)?
11
Let j(l) = l**3 - 3*l**2 - 10*l + 6. Calculate j(5).
6
Let m(z) = -6*z - 2. Determine m(-3).
16
Let y(g) = -g**3 - 10*g**2 - 18*g - 15. Give y(-7).
-36
Let p(q) = 7*q + 10. What is p(-10)?
-60
Let k(d) = -d**3 + 4*d**2 + 2*d + 12. Give k(5).
-3
Let t(y) = y**3 - 11*y**2 - y + 32. Give t(11).
21
Let x(v) = -16*v + 1. Calculate x(1).
-15
Let h(a) = 2*a + 29. Give h(-21).
-13
Let c(b) = -8*b**3 - 4*b**2 - 3*b + 5. Give c(1).
-10
Let l(y) = 8*y + 55. Calculate l(4).
87
Let p(l) = 7*l**2 - 5*l + 5. What is p(2)?
23
Let d(h) = 5*h**2 + 4*h + 1. What is d(-4)?
65
Let b(j) = 12*j**3 - 57*j**2 - 11*j - 13. Calculate b(5).
7
Let r(a) = -4*a - 23. Give r(-11).
21
Let b(j) = 20*j**3 + 1. Determine b(-1).
-19
Let c(g) = -11*g - 59. What is c(-5)?
-4
Let t(y) = -5*y**2 - 35*y - 5. Calculate t(-7).
-5
Let p(g) = g**2 + 5*g + 9. Give p(-13).
113
Let h(y) = y**2 - 10*y + 8. Give h(11).
19
Let z(q) = -13*q**2 - 3*q + 1. What is z(-2)?
-45
Let i(u) = -3*u**2 - u + 1. Calculate i(-2).
-9
Let m(j) = j**2 - 16*j + 31. Determine m(14).
3
Let y(h) = h**2 + 5*h - 10. Determine y(-7).
4
Let g(o) = -80*o + 5. Determine g(1).
-75
Let v(z) = 3*z + 3. What is v(-6)?
-15
Let r(y) = -4*y**2 - y - 7. Calculate r(-4).
-67
Let w(q) = -q**3 + 7*q**2 - 14*q - 4. Calculate w(4).
-12
Let u(z) = z**3 - 43*z**2 + 157*z - 44. Determine u(39).
-5
Let k(w) = -w**2 - 9*w. What is k(-5)?
20
Let x(v) = -v**2 - 16*v + 10. Give x(-14).
38
Let r(w) = -4*w + 2. What is r(-2)?
10
Let t(r) = r**2 + 9*r. What is t(-8)?
-8
Let c(v) = -31*v**3 - 4*v + 4. Determine c(1).
-31
Let f(c) = c**2 - 15*c - 3. Calculate f(17).
31
Let u(k) = k**3 - 8*k**2 + 7*k - 11. Give u(8).
45
Let s(t) = -t**2 - 13*t - 30. Calculate s(-8).
10
Let r(q) = -q - 37. What is r(0)?
-37
Let v(w) = w**2 - 17*w + 61. Give v(13).
9
Let v(r) = -r**3 + 8*r**2 - 3*r + 8. Calculate v(7).
36
Let k(v) = 2*v**2 - v - 6. What is k(5)?
39
Let m(x) = 2*x**2 - 9*x - 2. Determine m(10).
108
Let y(p) = p**3 - 7*p**2 + 5*p - 11. What is y(6)?
-17
Let k(l) = -2*l**2 + 12*l + 3. Give k(6).
3
Let y(f) = -2*f**2 - 10*f - 6. Calculate y(-7).
-34
Let p(v) = -3*v**2 - 8*v - 9. Give p(-4).
-25
Let z(t) = 2*t**2 - 12*t - 703. What is z(22)?
1
Let d(o) = o - 8. Calculate d(0).
-8
Let u(z) = z**2 + 18*z + 22. Give u(-11).
-55
Let l(a) = 6*a + 32. Give l(-5).
2
Let t(y) = y**3 + 6*y**2 + 3*y - 9. Calculate t(-5).
1
Let f(u) = 10*u - 490. Calculate f(49).
0
Let j(r) = -r**2 + 17*r - 27. What is j(15)?
3
Let m(n) = 5*n**2 - 30*n + 51. What is m(4)?
11
Let c(i) = -i**3 + 20*i**2 - 2*i + 78. Calculate c(20).
38
Let k(n) = -n**2 + 3*n - 3. Give k(0).
-3
Let y(g) = 6*g - 6. Calculate y(3).
12
Let j(r) = -r**2 + 17*r - 29. Give j(15).
1
Let d(j) = -9*j**2 - 2*j + 6. What is d(-3)?
-69
Let v(y) = y**2 - y + 17. Calculate v(0).
17
Let f(h) = -10*h + 26. Determine f(-7).
96
Let v(f) = -f**2 - 2*f + 3. Determine v(-3).
0
Let j(u) = u**2 + 2*u - 21. Determine j(5).
14
Let w(x) = -9*x - 67. Calculate w(-6).
-13
Let d(n) = 4*n + 80. Calculate d(-15).
20
Let r(i) = -17*i - 363. Determine r(-22).
11
Let i(j) = 31*j - 255. Calculate i(7).
-38
Let q(t) = -t**3 - 2*t - 48. Calculate q(0).
-48
Let r(v) = -4*v**2 - 67*v - 158. What is r(-14)?
-4
Let z(r) = -13*r**3 - 4*r**2 + 11*r - 8. What is z(2)?
-106
Let q(m) = 4*m**2 + 6*m + 10. What is q(-4)?
50
Let p(q) = -q**3 + q + 62. Give p(0).
62
Let w(d) = d**3 - 10*d**2 - 2*d + 4. Determine w(10).
-16
Let p(q) = 8*q + 156. Give p(-21).
-12
Let v(o) = 28*o + 2. Give v(1).
30
Let d(k) = k + 7. What is d(2)?
9
Let p(x) = x - 1. Calculate p(6).
5
Let v(c) = -2*c - 9. Give v(-3).
-3
Let p(j) = -161*j**2 - 7*j - 1. What is p(-1)?
-155
Let h(s) = -s**2 - 3*s + 127. Determine h(-13).
-3
Let n(z) = -z**2 - 18*z + 4. Calculate n(-17).
21
Let r(s) = -s**2 + 16*s + 94. What is r(21)?
-11
Let l(q) = -17*q - 18. Calculate l(-3).
33
Let f(q) = -14*q + 176. What is f(12)?
8
Let q(c) = 2*c**2 - 10*c - 10. Calculate q(8).
38
Let w(c) = c**3 - 9*c**2 + 10*c + 3. Determine w(9).
93
Let m(j) = j - 14. Determine m(0).
-14
Let u(h) = -h**3 + 18*h**2 - 16*h - 18. What is u(17)?
-1
Let x(i) = 9*i**2 + 2*i + 3. Determine x(-1).
10
Let j(w) = -w**3 + 12*w**2 - 33*w - 1. Calculate j(8).
-9
Let r(m) = 3*m - 59. What is r(19)?
-2
Let l(p) = -19*p - 120. Calculate l(-8).
32
Let g(z) = z**3 + 6*z**2 + 3*z + 1. Give g(-5).
11
Let u(l) = 44*l - 831. Calculate u(19).
5
Let t(g) = -g**2 - 5*g + 1. Calculate t(-6).
-5
Let l(f) = f**2 - 67*f - 3. Calculate l(67).
-3
Let a(z) = -3*z - 26. Give a(0).
-26
Let k(q) = q**3 + 2*q - 9. Determine k(0).
-9
Let f(g) = -2*g**2 + 10*g + 2. Calculate f(7